{"id":612,"date":"2016-03-07T03:11:04","date_gmt":"2016-03-07T03:11:04","guid":{"rendered":"https:\/\/themesgavias.com\/wp\/indutri\/?page_id=612"},"modified":"2020-09-08T21:15:19","modified_gmt":"2020-09-08T21:15:19","slug":"exportaciones","status":"publish","type":"page","link":"https:\/\/victorcornejo.com.ar\/?page_id=612","title":{"rendered":"Exportaciones"},"content":{"rendered":"\t\t<div data-elementor-type=\"wp-post\" data-elementor-id=\"612\" class=\"elementor elementor-612\" data-elementor-settings=\"[]\">\n\t\t\t\t\t\t<div class=\"elementor-inner\">\n\t\t\t\t\t\t\t<div class=\"elementor-section-wrap\">\n\t\t\t\t\t\t\t<section class=\"elementor-section elementor-top-section elementor-element elementor-element-1279549a elementor-section-boxed elementor-section-height-default elementor-section-height-default\" data-id=\"1279549a\" data-element_type=\"section\">\n\t\t\t\t\t\t<div class=\"elementor-container elementor-column-gap-default\">\n\t\t\t\t\t\t\t<div class=\"elementor-row\">\n\t\t\t\t\t<div class=\"elementor-column elementor-col-50 elementor-top-column elementor-element elementor-element-2d41672 top column-style-top\" data-id=\"2d41672\" data-element_type=\"column\">\n\t\t\t<div class=\"elementor-column-wrap elementor-element-populated\">\n\t\t\t\t\t\t\t<div class=\"elementor-widget-wrap\">\n\t\t\t\t\t\t<section class=\"elementor-section elementor-inner-section elementor-element elementor-element-3054b3dc elementor-section-boxed elementor-section-height-default elementor-section-height-default\" data-id=\"3054b3dc\" data-element_type=\"section\">\n\t\t\t\t\t\t<div class=\"elementor-container elementor-column-gap-default\">\n\t\t\t\t\t\t\t<div class=\"elementor-row\">\n\t\t\t\t\t<div class=\"elementor-column elementor-col-100 elementor-inner-column elementor-element elementor-element-61306f8a top column-style-top\" data-id=\"61306f8a\" data-element_type=\"column\">\n\t\t\t<div class=\"elementor-column-wrap elementor-element-populated\">\n\t\t\t\t\t\t\t<div class=\"elementor-widget-wrap\">\n\t\t\t\t\t\t<div class=\"elementor-element elementor-element-57ad4f9c elementor-widget elementor-widget-gva-heading-block\" data-id=\"57ad4f9c\" data-element_type=\"widget\" data-widget_type=\"gva-heading-block.default\">\n\t\t\t\t<div class=\"elementor-widget-container\">\n\t\t\t<div class=\"gva-element-gva-heading-block gva-element\">   <div class=\"align-left style-1 widget gsc-heading box-align-left\">\n      <div class=\"content-inner\">\n         \n                  \n           \n         \n                     <h2 class=\"title\">\n               <span>Exportaciones del equipo Victor Cornejo <\/span>\n            <\/h2>\n                              <div class=\"title-desc\">A trav\u00e9s de una din\u00e1mica red mundial de agentes corresponsales y con nuestro equipo confiable y profesional estamos procesando calidad y servicios para sus embarques y proyectos integrales desde y hacia todo el mundo.\n<br \/>\n<br \/>\nNuestros profesionales lo asesoraran en la mejor opci\u00f3n para el traslado de su mercader\u00eda asegur\u00e1ndole la mejor relaci\u00f3n precio-servicio del mercado, brindando un servicio profesional a trav\u00e9s de soluciones log\u00edsticas, que satisfagan las necesidades y requerimientos de nuestros clientes, con capacidad ante la demanda de un mercado cambiante, con el empe\u00f1o de sus directivos y nuestros colaboradores.\n<\/div>\n         \n         \n      <\/div>\n   <\/div>\n   <div class=\"clearfix\"><\/div>\n<\/div>\t\t<\/div>\n\t\t\t\t<\/div>\n\t\t\t\t<div class=\"elementor-element elementor-element-b4cd79f elementor-widget elementor-widget-text-editor\" data-id=\"b4cd79f\" data-element_type=\"widget\" data-widget_type=\"text-editor.default\">\n\t\t\t\t<div class=\"elementor-widget-container\">\n\t\t\t\t\t\t\t\t<div class=\"elementor-text-editor elementor-clearfix\">\n\t\t\t\t<ul><li><h6><span style=\"color: #ff5316;\">Permiso de embarque y coordinaci\u00f3n de carga<\/span><\/h6><\/li><li><h6><span style=\"color: #ff5316;\">Obtenci\u00f3n y\/o confecci\u00f3n de documentaci\u00f3n complementaria necesaria para la exportaci\u00f3n.<\/span><\/h6><\/li><li><h6><span style=\"color: #ff5316;\">Liquidaci\u00f3n y presentaci\u00f3n en Aduana de reembolsos, reintegros y draw-backs.<\/span><\/h6><\/li><li><h6><span style=\"color: #ff5316;\">Tr\u00e1mite de exportaciones dentro del r\u00e9gimen de env\u00edos escalonados.<\/span><\/h6><\/li><li><h6><span style=\"color: #ff5316;\">Exportaciones temporarias, incluyendo tramitaci\u00f3n de autorizaciones ante la SICE.<\/span><\/h6><\/li><li><h6><span style=\"color: #ff5316;\">Importaciones temporarias incluyendo tramitaci\u00f3n de autorizaciones ante la SICE.<\/span><\/h6><\/li><\/ul>\t\t\t\t\t<\/div>\n\t\t\t\t\t\t<\/div>\n\t\t\t\t<\/div>\n\t\t\t\t\t\t<\/div>\n\t\t\t\t\t<\/div>\n\t\t<\/div>\n\t\t\t\t\t\t\t\t<\/div>\n\t\t\t\t\t<\/div>\n\t\t<\/section>\n\t\t\t\t\t\t<\/div>\n\t\t\t\t\t<\/div>\n\t\t<\/div>\n\t\t\t\t<div class=\"elementor-column elementor-col-50 elementor-top-column elementor-element elementor-element-47c5cee9 top column-style-top\" data-id=\"47c5cee9\" data-element_type=\"column\">\n\t\t\t<div class=\"elementor-column-wrap elementor-element-populated\">\n\t\t\t\t\t\t\t<div class=\"elementor-widget-wrap\">\n\t\t\t\t\t\t<div class=\"elementor-element elementor-element-3b7c8567 arrow-top-left elementor-widget__width-auto elementor-widget elementor-widget-image\" data-id=\"3b7c8567\" data-element_type=\"widget\" data-widget_type=\"image.default\">\n\t\t\t\t<div class=\"elementor-widget-container\">\n\t\t\t\t\t\t\t\t<div class=\"elementor-image\">\n\t\t\t\t\t\t\t\t\t\t\t\t<img decoding=\"async\" width=\"560\" height=\"690\" src=\"https:\/\/victorcornejo.com.ar\/wp-content\/uploads\/2020\/09\/Sin-titulo-1.jpg\" class=\"attachment-full size-full\" alt=\"\" \/>\t\t\t\t\t\t\t\t\t\t\t\t\t\t<\/div>\n\t\t\t\t\t\t<\/div>\n\t\t\t\t<\/div>\n\t\t\t\t\t\t<\/div>\n\t\t\t\t\t<\/div>\n\t\t<\/div>\n\t\t\t\t\t\t\t\t<\/div>\n\t\t\t\t\t<\/div>\n\t\t<\/section>\n\t\t\t\t<section class=\"elementor-section elementor-top-section elementor-element elementor-element-353a117 elementor-section-boxed elementor-section-height-default elementor-section-height-default\" data-id=\"353a117\" data-element_type=\"section\" data-settings=\"{&quot;background_background&quot;:&quot;classic&quot;}\">\n\t\t\t\t\t\t<div class=\"elementor-container elementor-column-gap-default\">\n\t\t\t\t\t\t\t<div class=\"elementor-row\">\n\t\t\t\t\t<div class=\"elementor-column elementor-col-100 elementor-top-column elementor-element elementor-element-1d56248a top column-style-top\" data-id=\"1d56248a\" data-element_type=\"column\">\n\t\t\t<div class=\"elementor-column-wrap elementor-element-populated\">\n\t\t\t\t\t\t\t<div class=\"elementor-widget-wrap\">\n\t\t\t\t\t\t<div class=\"elementor-element elementor-element-41c9c009 elementor-widget elementor-widget-gva-call-to-action\" data-id=\"41c9c009\" data-element_type=\"widget\" data-widget_type=\"gva-call-to-action.default\">\n\t\t\t\t<div class=\"elementor-widget-container\">\n\t\t\t<div class=\"gva-element-gva-call-to-action gva-element\">\n   <div class=\"button-right widget gsc-call-to-action\">\n      <div class=\"content-inner clearfix\" >\n         <div class=\"cta-content\">\n                           <h2 class=\"title\">\n                  <span>Contrate a los mejores en Comercio Exterior!<\/span>\n               <\/h2>\n                                             <\/div>\n                     <div class=\"button-action\">\n                       <a href=\"http:\/\/victorcornejo.com.ar\/?page_id=610\" class=\"btn-cta btn-theme-2\">\n          <span>Cont\u00e1ctenos<\/span>\n        <\/a>\n\n                    <\/div>\n               <\/div>\n   <\/div>\n<\/div>\t\t<\/div>\n\t\t\t\t<\/div>\n\t\t\t\t\t\t<\/div>\n\t\t\t\t\t<\/div>\n\t\t<\/div>\n\t\t\t\t\t\t\t\t<\/div>\n\t\t\t\t\t<\/div>\n\t\t<\/section>\n\t\t\t\t\t\t<\/div>\n\t\t\t\t\t\t<\/div>\n\t\t\t\t\t<\/div>\n\t\t","protected":false},"excerpt":{"rendered":"<p>Exportaciones del equipo Victor Cornejo A trav\u00e9s de una din\u00e1mica red mundial de agentes corresponsales y con nuestro equipo confiable y profesional estamos procesando calidad y servicios para sus embarques y proyectos integrales desde y hacia todo el mundo. Nuestros profesionales lo asesoraran en la mejor opci\u00f3n para el traslado de su mercader\u00eda asegur\u00e1ndole la [&hellip;]<\/p>\n","protected":false},"author":1,"featured_media":0,"parent":0,"menu_order":0,"comment_status":"closed","ping_status":"closed","template":"","meta":{"_seopress_robots_primary_cat":"","footnotes":""},"_links":{"self":[{"href":"https:\/\/victorcornejo.com.ar\/index.php?rest_route=\/wp\/v2\/pages\/612"}],"collection":[{"href":"https:\/\/victorcornejo.com.ar\/index.php?rest_route=\/wp\/v2\/pages"}],"about":[{"href":"https:\/\/victorcornejo.com.ar\/index.php?rest_route=\/wp\/v2\/types\/page"}],"author":[{"embeddable":true,"href":"https:\/\/victorcornejo.com.ar\/index.php?rest_route=\/wp\/v2\/users\/1"}],"replies":[{"embeddable":true,"href":"https:\/\/victorcornejo.com.ar\/index.php?rest_route=%2Fwp%2Fv2%2Fcomments&post=612"}],"version-history":[{"count":4,"href":"https:\/\/victorcornejo.com.ar\/index.php?rest_route=\/wp\/v2\/pages\/612\/revisions"}],"predecessor-version":[{"id":10974,"href":"https:\/\/victorcornejo.com.ar\/index.php?rest_route=\/wp\/v2\/pages\/612\/revisions\/10974"}],"wp:attachment":[{"href":"https:\/\/victorcornejo.com.ar\/index.php?rest_route=%2Fwp%2Fv2%2Fmedia&parent=612"}],"curies":[{"name":"wp","href":"https:\/\/api.w.org\/{rel}","templated":true}]}}